/66)/(884/39)). Let s(k) = -44*k**2 - 2*k + 1. Let b be s(1). Let j = -28 - b. What is the greatest common factor of x and j?
17
Let m(t) = 31*t + 59. Let c be m(27). What is the highest common divisor of c and 14?
14
Suppose 7*m + 33*m = 9960. What is the highest common divisor of m and 166?
83
Let l = 61 + -40. Let j = -19 + l. What is the greatest common divisor of j and 8?
2
Let t be ((-65)/25 + 3)*80. Calculate the greatest common divisor of 112 and t.
16
Let i be (2 + -8 + 2)/2. Let f = i - -6. Calculate the greatest common divisor of 4 and f.
4
Let a = 2310 - 1638. What is the greatest common factor of 32 and a?
32
Let q = -9 + 13. Suppose d = -0*d - 5, -3*a + q*d = -23. Let s be (-1 + a*-9)*-1. What is the highest common divisor of s and 90?
10
Suppose -9*c - 199 = -5*m - 2414, 482 = 2*c + 4*m. Let l(p) = -p**3 - 2*p**2 - 3*p + 5. Let i be l(-4). What is the highest common divisor of i and c?
49
Let q(u) = -u**2 - 19*u - 24. Let v be q(-16). Suppose 0 = 4*k - 80 + v. What is the highest common divisor of k and 98?
14
Suppose 4*d - 266 = 2*x, 5*d - 4*x = x + 345. What is the highest common factor of 576 and d?
64
Suppose 125 = -10*s + 15*s. Suppose 2*l - s - 105 = -2*z, 195 = 3*z + l. What is the greatest common factor of 13 and z?
13
Let n(h) = 30*h - 390. Let a be n(27). What is the greatest common divisor of 252 and a?
84
Let k(o) = -o**2 + 6*o + 23. Let u = 3 - -5. Let q be k(u). Calculate the greatest common divisor of 14 and q.
7
Suppose -2*f = 3*s - 81, 4*s - 2*s - 158 = -4*f. Let j = 10 - 10. Let w be -16*(j - 1) + -3. Calculate the greatest common divisor of f and w.
13
Suppose 2*k = -2*d + 18, 2*k + 42 = 2*d + 2*d. Let m(z) = -z + 33. Let l be m(13). Calculate the highest common divisor of l and d.
10
Let b(c) = 41*c**2 - 2*c - 3. Let p be b(-2). Suppose 9 = -2*v - 3. Let y be (-1 + -2 + -2)/(2/v). Calculate the highest common divisor of p and y.
15
Suppose -5*k = -7 + 2. Let u be (25/4)/(-5)*-4. Let i be (2 - -1)*(u + k). Calculate the highest common factor of i and 9.
9
Let f be (-8)/(-44) - 303/33. Let s(l) = 2*l + 21. Let d be s(f). What is the highest common factor of 3 and d?
3
Let u = 65 + -63. Suppose u*b = 12*b - 130. What is the greatest common divisor of 1 and b?
1
Let i = 1250 - 784. Let k be (-90)/(-36) - i/(-4). What is the greatest common divisor of 17 and k?
17
Suppose 460 = -4*t - 4*a, t + 19 = 2*a - 81. Let l = -59 - t. What is the greatest common divisor of 34 and l?
17
Suppose 9*k - 234 = 54. What is the highest common divisor of k and 1680?
16
Let b(o) = -17*o**2 - 8*o - 3. Let u be b(-3). Let d = u + 192. Calculate the highest common divisor of 12 and d.
12
Let o(b) = -15*b - 10. Let l be o(-4). Calculate the highest common factor of l and 115.
5
Suppose -20*d + 981 - 81 = 0. What is the highest common factor of d and 45?
45
Let w be ((-592)/(-12) - -2)*3. Let f be (-91)/(-65)*(1 + w). Suppose -47 = -2*b + 5*a + 15, 0 = 2*a. What is the highest common factor of f and b?
31
Let s = 4 - 8. Let x be 2 - (2 - 1)*s. Let u be ((-30)/25)/(x/(-20)). What is the greatest common divisor of u and 24?
4
Let k be (-21)/(-14) - 1/2. Suppose -u + 41 = k. Calculate the highest common divisor of 8 and u.
8
Let n(w) = 3*w + 3. Let s(q) = q**3 + 6*q**2 + 5*q - 3. Let a be s(-5). Let z be n(a). Let l be 2/z + 785/15. Calculate the highest common divisor of 13 and l.
13
Suppose 2*w + 39 = 49, -127 = -y - 3*w. Let o be 0 + ((-3)/3 - -17). What is the greatest common factor of o and y?
16
Suppose -j + 24 = -5*j. Let q be 3/j*-4 + 7. Calculate the greatest common factor of q and 36.
9
Suppose 3*y - 66 + 24 = 0. Let i be ((-1)/(-1))/(2/y). Suppose 0 = -3*c + 3*k + 34 + 77, c - 3*k - 41 = 0. Calculate the highest common factor of i and c.
7
Let d(j) = -j**2 - 9*j - 13. Let c be d(-5). What is the highest common factor of c and 63?
7
Let a = 4316 - 4312. Let b be (-948)/(-14) + 4/14. What is the highest common factor of a and b?
4
Suppose 5 = -6*j + j + 5*d, 0 = -5*j - 2*d + 16. Let s = 3 - 0. What is the greatest common divisor of j and s?
1
Let h be ((-34)/(-6) - 3)/(80/60). What is the highest common divisor of 24 and h?
2
Suppose -37*j - 4032 = -55*j. What is the highest common factor of j and 7?
7
Let k be 3/(10/(6670/3)). Calculate the highest common divisor of 29 and k.
29
Let q = -59 - -62. Suppose q*o + 3 = 6*o. What is the highest common factor of o and 11?
1
Suppose 2*r = 2*d + r - 36, -4*d + 4*r = -72. Suppose 0 = -4*t + 8, 126 = 2*l - 2*t - 158. Calculate the highest common divisor of l and d.
18
Let x = 500 + -452. Calculate the greatest common divisor of x and 160.
16
Suppose -3150 = -3*c - 4*w + 368, c + 3*w = 1181. What is the greatest common divisor of c and 22?
22
Suppose d + 2*d = -3*y - 3, 5*y - 35 = 3*d. Let i be (-2 + 3 - 2)*y. Let r be 1 + -15*i*2. Calculate the greatest common factor of r and 11.
11
Let t = -476 + 496. What is the greatest common divisor of t and 10?
10
Suppose -5*l + 40 - 30 = 0. Suppose 0 = -l*y + 3*v - 0 + 53, 0 = -5*v - 15. Calculate the highest common divisor of y and 77.
11
Suppose 79*d = 16*d + 630. What is the greatest common divisor of 230 and d?
10
Let t = -925 + 1545. Calculate the greatest common factor of t and 20.
20
Let z = -18 + 18. Let v be (-2)/(z + -1 + 0). Suppose -5*t = -20, 4*q + 4*t = v*q + 34. What is the highest common divisor of 63 and q?
9
Suppose 0 = 53*d - 47*d - 594. Suppose -5*l - 20 = -u, 0*u - d = -4*u + l. What is the greatest common divisor of 125 and u?
25
Let m be ((-120)/(-70))/((-1)/(-21)). Let n be 71/4 + 9/m. Calculate the highest common divisor of 3 and n.
3
Let x(q) = q**3 - 23*q**2 - 2*q + 62. Let c be x(23). Calculate the greatest common divisor of 232 and c.
8
Suppose 4*s - 360 - 344 = 0. Suppose -g = g - s. Let y = 29 - 7. Calculate the greatest common factor of y and g.
22
Let j(m) = -m + 5. Let b be j(0). Suppose 0*c - b*c = -65. Let o = 12795 - 12691. Calculate the greatest common divisor of o and c.
13
Suppose 27*q + 100 = 4*b + 23*q, 4*q - 116 = -5*b. Let m = 28 + -20. Calculate the highest common factor of m and b.
8
Let t be (-104)/(14/(-6) - (-9)/27). Calculate the greatest common factor of t and 26.
26
Let v = 26 - 21. Suppose -v*n = -4*a + 19, 4*n = -n + 25. Let p be (11/(-3))/((-2)/6). What is the highest common factor of p and a?
11
Suppose x + 4*w + 3 + 10 = 0, 3*x - 3*w - 6 = 0. Let m = x - -4. Let o be 20 + (6 - 1 - m). Calculate the greatest common divisor of o and 2.
2
Suppose -4*l + 2*l + 2 = 0. Let z = 179 + -178. Calculate the highest common factor of z and l.
1
Let f(h) = -h**2 + 11*h - 16. Let c be (10/6)/((-5)/(-15)). Suppose 11 = c*u - 14. Let a be f(u). Calculate the highest common factor of 126 and a.
14
Suppose 0 = 2*w - 3*a + 7, 0*w - 35 = -5*w - 3*a. Let j = 7 + w. Let l be (111 - -10) + (1 - (-4)/(-6 + 2)). What is the greatest common divisor of j and l?
11
Let h be (-10)/(-55) - (-1660)/(-55). Let d be 90/(-12)*h/9. Calculate the greatest common factor of 25 and d.
25
Suppose 21 - 113 = 4*i. Let v = i + 26. Let n(w) = 11*w**3 + w**2 + w - 1. Let h be n(1). Calculate the greatest common factor of v and h.
3
Let t(y) = -y - 3. Let j be t(-2). Let s be (-21)/2*j*6. What is the greatest common factor of 21 and s?
21
Let b be (-2)/(-4) + (-571)/(-2). Let s = 79 - 74. Suppose -a - 31 = -2*a + 5*u, 0 = 2*a + s*u - 47. Calculate the greatest common divisor of b and a.
26
Suppose -4*w - 3*y = -286, -2*w + y = 4*y - 146. Calculate the highest common divisor of w and 60.
10
Suppose -p - 718 = -9*q, 4*p = -2*q + 107 + 61. Calculate the greatest common factor of 15 and q.
5
Suppose -4*p - 93 + 113 = 0. What is the greatest common factor of 3 and p?
1
Suppose 2*x + 46 = 4*x. Let o(l) = l**3 + 8*l**2 - 8*l + 6. Let q be o(-9). Let m be -2 + 4 + q - -208. Calculate the highest common factor of m and x.
23
Let l = 286 - 143. Calculate the highest common divisor of l and 26.
13
Let x(v) be the first derivative of -1/4*v**4 + 7 + 2*v**3 + 2*v + 5/2*v**2. Let u be x(6). Calculate the highest common factor of 8 and u.
8
Let u(g) = -g**2 - 2*g + 36. Let h be u(-6). Calculate the greatest common factor of 348 and h.
12
Let p be (12/(-12))/(2/(-22)). Let t(o) = -o**3 + 11*o**2 + 3*o + 3. Let k be t(p). What is the greatest common fa